ctor of 3 and t.
3
Let y(h) = -4*h - 111. Let p be y(-31). Calculate the greatest common factor of 91 and p.
13
Suppose 2*v = -0*x + 3*x - 3, 3*x = 4*v + 3. Suppose -4*t - 2*t + 228 = v. What is the greatest common divisor of 38 and t?
38
Suppose -4*g - 4*u + 1840 = 0, u = g - 347 - 113. Let z = g - 226. Let r be z + (-3)/(9/6). What is the greatest common factor of r and 29?
29
Suppose 92*g + 208 = 96*g. What is the greatest common divisor of 4 and g?
4
Let j be (0/((-6)/(-3)))/(-1). Suppose -d + 27 + 78 = j. Let q(l) = 2*l**2 + l - 3. Let x be q(-5). What is the greatest common divisor of x and d?
21
Let f(s) = 91*s + 17. Let p be f(1). Calculate the highest common divisor of p and 36.
36
Let w be ((-6)/8)/((-63)/1848). What is the greatest common divisor of w and 4?
2
Suppose -20 = -4*j + 2*a, -4*j + 4*a + 3 + 9 = 0. Suppose 0 = g - 39 + j. What is the greatest common factor of g and 8?
8
Let t = 206 + 114. What is the highest common divisor of t and 20?
20
Let i(h) = -2 - 7*h + h**2 - 2*h**2 - 2 - 2*h. Let m = -30 + 24. Let s be i(m). Calculate the greatest common factor of 98 and s.
14
Let w(u) = -3*u + 2*u + 7 + 6. Let o be w(12). Suppose 0 = -6*k + o + 59. Calculate the greatest common divisor of k and 40.
10
Let g be 247 - ((-77)/7 - -6). What is the highest common divisor of 28 and g?
28
Suppose 372*s = 383*s - 28006. Calculate the greatest common factor of s and 38.
38
Let c be 27/6*(-4)/(-9). Let a = 51 - 35. What is the greatest common divisor of a and c?
2
Let o(a) = -650*a**2 - 9*a + 4*a**3 + 650*a**2 - 3. Let z be o(4). What is the highest common divisor of 31 and z?
31
Suppose -3*p = -72*t + 67*t - 249, -t + 267 = 3*p. Calculate the greatest common factor of p and 66.
22
Let t(x) = x - 2. Suppose -28 = 2*a - 0. Let z be t(a). Let i be 12 - 3/((-12)/z). What is the greatest common divisor of i and 88?
8
Suppose 27*s + 26 - 242 = 0. What is the greatest common divisor of s and 200?
8
Let k(a) = a**3 + 6*a**2 - 9*a - 10. Let o be k(-5). Calculate the highest common factor of o and 960.
60
Let i = -1858 - -1871. Calculate the greatest common divisor of 1469 and i.
13
Suppose -c + 4 = c. Let p(l) = -2*l - 2. Let v be p(-6). Calculate the greatest common factor of v and c.
2
Suppose -2*r - 3*r = -20. Let h = 9 + r. Suppose 2064 = 69*q - 1524. What is the greatest common factor of q and h?
13
Let z(m) = 24*m - 19. Let t be z(4). What is the greatest common factor of t and 28?
7
Let x(z) = z + 37. Let o be x(0). Let r = 1350 + -1054. What is the highest common divisor of r and o?
37
Let b = 127 + -36. What is the greatest common divisor of b and 26?
13
Suppose -7*a = -2*a - 1260. Suppose -10*n - a = -13*n. Let r be (-4)/(-6) + (-240)/(-18). Calculate the highest common factor of n and r.
14
Let u = -447 - -559. What is the greatest common divisor of u and 168?
56
Suppose -42*a = -54*a + 3768. Calculate the highest common divisor of 2 and a.
2
Suppose -5*z + 175 = 5*w, 7*z = 5*z + w + 64. What is the highest common divisor of 1353 and z?
33
Let v be ((-24)/9 - -2)*-12. Calculate the highest common factor of v and 44.
4
Let s = 506 - 50. What is the highest common factor of 24 and s?
24
Let g(n) = -2*n + 1. Let r(u) = 26*u + 27. Let i(k) = 5*g(k) + r(k). Let f be i(9). What is the greatest common factor of 11 and f?
11
Suppose 35*w = 44*w - 288. What is the highest common factor of 256 and w?
32
Suppose 7*k - 219 = 3*k + v, -2*v + 10 = 0. What is the greatest common factor of k and 154?
14
Suppose 2*p = 11*p - 639. Let a = p - 69. Calculate the highest common factor of 16 and a.
2
Suppose -g = 4*i - 24, -3*g + 17 = -3*i + 4*i. Suppose -i*a - 24 = -159. What is the greatest common factor of 9 and a?
9
Suppose -2*t + 606 = t + 3*d, 0 = -5*t - 2*d + 1010. Calculate the highest common factor of 707 and t.
101
Suppose -2 = -2*n, 0 = -w + 5*w - 5*n + 29. Let r be (6/(-4))/(9/(-204)). Let q = r - w. What is the greatest common factor of q and 5?
5
Let f = 15 - 2. Let h = -1 + -7. Let o(a) = -a**3 - 8*a**2 - 8*a + 1. Let u be o(h). What is the highest common factor of f and u?
13
Let o be ((3 - 5)*3)/((-2)/15). Let z(u) = 6*u - 3. Let t = 5 - 3. Let i be z(t). What is the greatest common factor of o and i?
9
Let f(d) = d. Let t be 40/(-12)*(-18)/4. Suppose 5*w - 10 = t. Let a be f(w). What is the greatest common divisor of 40 and a?
5
Let v = -327 - -507. Calculate the highest common divisor of v and 36.
36
Suppose i - 6*i = 5*d - 255, 0 = -5*d - 2*i + 270. What is the greatest common factor of d and 49?
7
Let v(z) = 3*z - 6. Let p be v(5). Let s = -334 - -488. Let d = -55 + s. Calculate the highest common factor of p and d.
9
Suppose -16256 = -12*h + 712. Calculate the highest common divisor of 14 and h.
14
Let k be 7 - (-614 + (-6 - -3)). Calculate the greatest common factor of k and 48.
48
Let l be ((-12)/(-9))/(4/6). Suppose c - 5*c + 52 = l*j, -4 = -c - 5*j. Calculate the highest common factor of 28 and c.
14
Suppose 102 = h + 9*r - 4*r, -5*h - 2*r + 418 = 0. Calculate the highest common factor of 656 and h.
82
Let v be 2/(-10)*-99*(5 - 0). Calculate the greatest common factor of 11 and v.
11
Suppose 165 = 15*y - 4*y. What is the greatest common factor of 75 and y?
15
Let i be (1 - -7)*31/2. Suppose 2 = v, 0 = -4*z + 5*z - 2*v - 127. Let f = z + -100. Calculate the highest common factor of i and f.
31
Let h(q) = q. Let t be h(-10). Let z be 14/42 + t/(-6). What is the greatest common factor of z and 1?
1
Let f(i) = -i + 6. Let x be f(3). Suppose -16 = -3*d + 4*g, x*d - 3*g - 45 = -2*d. What is the greatest common divisor of d and 108?
12
Let z = 360 - 324. What is the highest common factor of z and 243?
9
Let g be 7 - 2/(-6)*-3. Let x be g/(-27) - 8997/(-27). Let m = x + -223. What is the highest common factor of m and 44?
22
Let l = -19 + 65. Suppose -3*j = y - l, -j + 2*j = 2*y + 20. What is the highest common divisor of j and 40?
8
Let d = 62 - 42. Let c(b) = 50*b**3 - b**2 + 1. Let u be c(1). Calculate the greatest common divisor of u and d.
10
Let d be (39/(-2))/((-6)/8). Let o(k) = -d*k**3 + 2*k - 1 - 3*k + 0*k - k**2. Let p be o(-1). What is the greatest common factor of p and 100?
25
Let b = 158 + -146. What is the highest common divisor of b and 276?
12
Let w = -1368 - -1648. Calculate the greatest common factor of 40 and w.
40
Suppose 63*x - 22 = 61*x. What is the highest common factor of x and 209?
11
Let k = 12 - 6. Suppose 1818 = 46*x + 438. What is the highest common factor of k and x?
6
Suppose 0*d - 2684 = 11*d. Let f = d + 354. What is the greatest common factor of f and 22?
22
Let y(k) be the second derivative of -k**5/20 - k**4/12 + k**2/2 - 7*k. Let o be y(-1). What is the greatest common divisor of o and 1?
1
Let m = 82 + -58. Let r be (15/(-2))/((-91)/(-14) + -6). Let p be r/(-5) + -4 - -37. Calculate the greatest common factor of m and p.
12
Let f be ((-14)/(-3))/(4/42). Let l = -41 + 61. Let n = l - 13. Calculate the greatest common divisor of n and f.
7
Let y = 406 + -246. What is the greatest common divisor of 140 and y?
20
Let m(q) = 6*q - 5. Let v be m(2). Suppose -1 = 4*x - 29. What is the highest common divisor of x and v?
7
Let h(b) = b - 1. Let k be h(9). Let d be (0 - 0) + -8 + 8. Let u be 1 - 0/(d - 1). What is the greatest common factor of k and u?
1
Let k be 25/(-2)*36/(-30). Let j be ((-6)/k)/(2/(-80)). Calculate the greatest common divisor of 64 and j.
16
Let t = -170 + 694. Calculate the highest common divisor of 4 and t.
4
Let m = -5 + -19. Let u = m + 27. Suppose -r - u = -33. Calculate the highest common factor of 6 and r.
6
Let t(h) = 21*h**2 - h - 5. Let r be t(-2). What is the highest common divisor of 216 and r?
27
Let c be -25 - (0 - (-1 + -1)). Let k be (c/(-2))/(3/8). Let w(j) = -2*j - 4. Let i be w(-8). What is the highest common divisor of k and i?
12
Suppose 0 = 4*l - 2 + 2. Suppose 0*j + j - 38 = l. What is the highest common factor of 19 and j?
19
Let l(t) = -2*t - 8. Let m be l(0). Let z = -4 - m. Let v be ((-12)/(-3) - -2)/(4/8). What is the highest common divisor of z and v?
4
Let f(v) = 63*v**2 - v - 1. Let x be f(-1). Suppose -13*b + 207 = 7*b + 3*b. Calculate the greatest common factor of b and x.
9
Suppose -2*u = -5 + 1. Let x(y) = -y**2 + u*y**2 - 7*y + y**2 + 5*y. Let r be 